{"id":156,"date":"2017-05-19T19:02:53","date_gmt":"2017-05-19T19:02:53","guid":{"rendered":"http:\/\/wordpress.uhren-schmuck-fulda.de\/?page_id=156"},"modified":"2017-05-19T19:02:53","modified_gmt":"2017-05-19T19:02:53","slug":"automatik","status":"publish","type":"page","link":"https:\/\/www.uhren-schmuck-fulda.de\/?page_id=156","title":{"rendered":"Automatik"},"content":{"rendered":"<div id=\"pl-156\"  class=\"panel-layout\" ><div id=\"pg-156-0\"  class=\"panel-grid panel-no-style\" ><div id=\"pgc-156-0-0\"  class=\"panel-grid-cell\" ><div id=\"panel-156-0-0-0\" class=\"so-panel widget widget_sow-editor panel-first-child panel-last-child\" data-index=\"0\" ><div\n\t\t\t\n\t\t\tclass=\"so-widget-sow-editor so-widget-sow-editor-base\"\n\t\t\t\n\t\t>\n<div class=\"siteorigin-widget-tinymce textwidget\">\n\t<p><strong>Der automatische Aufzug macht die Uhr selbstst\u00e4ndig<\/strong><br \/> Feinste Uhrentechnik nahe am Perpetuum Mobile<\/p>\n<p>Es ist zwar keine Anstrengung, aber doch ein Pflicht\u00fcbung, der man sich nicht entziehen kann, wenn man seine mechanische Uhr t\u00e4glich aufziehen darf. Vers\u00e4umt man es, so besteht die Gefahr, dass das gute St\u00fcck aus Mangel an Antriebsenergie gerade dann seine Arbeit einstellt, wenn man die genaue Zeit am dringendsten ben\u00f6tigt. Dies erkannten schon um das Jahr 1770 ber\u00fchmte Uhrmacher im Schweizer Le Locle und entwickelten den ersten automatischen Aufzug. Die ersten Taschenuhren, die damit ausger\u00fcstet waren, nannte man Ersch\u00fctterungsuhren oder Pufferuhren. Ein Hebelarm, der mit einem kleinen Gewicht beschwert war, bewegte sich mit begrenztem Anschlag, wenn der Uhrentr\u00e4ger sich bewegte. \u00dcber ein System von Sperrklinken und einem Sperrrad wurde die Antriebsfeder der Uhr gespannt und somit die Uhr aufgezogen. Taschenuhren wurden vorwiegend in senkrechter Stellung in einer eigenen Uhrentasche in Hose, Weste oder Frack getragen. Die senkrechte Stellung war auch besonders wichtig, denn sonst funktionierte der aus heutiger Sichtweise recht einfache Automatische Aufzug nicht.<\/p>\n<p>Armbanduhren gab es damals noch nicht. Diese eroberten erst ab ca. 1920 nach anf\u00e4nglicher Skepsis einiger ber\u00fchmter Uhrmacher unsere Gesellschaft und sind aus unserer Kultu(h)r nicht mehr wegzudenken. Zu einer immer schnelleren Entwicklung des Automatischen Aufzugs kam es zwischen 1930 und 1950, wo die wichtigsten Grundlagen f\u00fcr das noch heute gebr\u00e4uchliche System entwickelt wurden. Rotor oder Schwungmasse sind heute in feinen Kugellagern gelagert und f\u00fchren eine volle Umdrehung ohne die fr\u00fcher \u00fcbliche Anschlagsbegrenzung aus. Die modernen Uhrwerke mit automatischem Aufzug sind sehr pr\u00e4zise und filigran gearbeitet und nehmen Ihnen die t\u00e4gliche \u201eArbeit\u201c des Aufziehens der Uhr von Hand zuverl\u00e4ssig ab, ohne dass Sie es bemerken. Allerdings ausreichend bewegen sollten Sie sich schon und Ihre Automatik Uhr t\u00e4glich tragen, nicht nachts.<\/p>\n<p>In die Wunderwelt feinster Mechanik, Uhren mit Automatikaufzug oder Handaufzug, gew\u00e4hren Ihnen die Uhrmachermeisterinnen und Uhrmachermeister der Fachinnung Uhren, Schmuck und Zeitmesstechnik Fulda-Kassel gerne umfassende Einblicke.<\/p>\n<p>\u00a9 MM<\/p>\n<\/div>\n<\/div><\/div><\/div><\/div><\/div>","protected":false},"excerpt":{"rendered":"<p>Der automatische Aufzug macht die Uhr selbstst\u00e4ndig Feinste Uhrentechnik nahe am Perpetuum MobileEs ist zwar keine Anstrengung, aber doch ein Pflicht\u00fcbung, der man sich nicht entziehen kann, wenn man seine mechanische Uhr t\u00e4glich aufziehen darf. Vers\u00e4umt man es, so besteht die Gefahr, dass das gute St\u00fcck aus Mangel an Antriebsenergie gerade dann seine Arbeit einstellt,&#8230;<\/p>\n","protected":false},"author":1,"featured_media":0,"parent":0,"menu_order":0,"comment_status":"closed","ping_status":"closed","template":"","meta":{"footnotes":""},"class_list":["post-156","page","type-page","status-publish","hentry"],"_links":{"self":[{"href":"https:\/\/www.uhren-schmuck-fulda.de\/index.php?rest_route=\/wp\/v2\/pages\/156","targetHints":{"allow":["GET"]}}],"collection":[{"href":"https:\/\/www.uhren-schmuck-fulda.de\/index.php?rest_route=\/wp\/v2\/pages"}],"about":[{"href":"https:\/\/www.uhren-schmuck-fulda.de\/index.php?rest_route=\/wp\/v2\/types\/page"}],"author":[{"embeddable":true,"href":"https:\/\/www.uhren-schmuck-fulda.de\/index.php?rest_route=\/wp\/v2\/users\/1"}],"replies":[{"embeddable":true,"href":"https:\/\/www.uhren-schmuck-fulda.de\/index.php?rest_route=%2Fwp%2Fv2%2Fcomments&post=156"}],"version-history":[{"count":4,"href":"https:\/\/www.uhren-schmuck-fulda.de\/index.php?rest_route=\/wp\/v2\/pages\/156\/revisions"}],"predecessor-version":[{"id":215,"href":"https:\/\/www.uhren-schmuck-fulda.de\/index.php?rest_route=\/wp\/v2\/pages\/156\/revisions\/215"}],"wp:attachment":[{"href":"https:\/\/www.uhren-schmuck-fulda.de\/index.php?rest_route=%2Fwp%2Fv2%2Fmedia&parent=156"}],"curies":[{"name":"wp","href":"https:\/\/api.w.org\/{rel}","templated":true}]}}