{"id":163,"date":"2017-05-19T18:59:55","date_gmt":"2017-05-19T18:59:55","guid":{"rendered":"http:\/\/wordpress.uhren-schmuck-fulda.de\/?page_id=163"},"modified":"2017-05-19T18:59:55","modified_gmt":"2017-05-19T18:59:55","slug":"frauenuhren","status":"publish","type":"page","link":"https:\/\/www.uhren-schmuck-fulda.de\/?page_id=163","title":{"rendered":"Frauenuhren"},"content":{"rendered":"<div id=\"pl-163\"  class=\"panel-layout\" ><div id=\"pg-163-0\"  class=\"panel-grid panel-no-style\" ><div id=\"pgc-163-0-0\"  class=\"panel-grid-cell\" ><div id=\"panel-163-0-0-0\" class=\"so-panel widget widget_sow-editor panel-first-child panel-last-child\" data-index=\"0\" ><div\n\t\t\t\n\t\t\tclass=\"so-widget-sow-editor so-widget-sow-editor-base\"\n\t\t\t\n\t\t>\n<div class=\"siteorigin-widget-tinymce textwidget\">\n\t<p><strong>Zeitmesser f\u00fcr selbstbewusste Frauen<\/strong><\/p>\n<p>Das robuste Sportmodell am schlanken Handgelenk macht allein noch keine starke Frau. Die wirklich Selbstbewussten legen sich nun wieder sogenannte Cocktail- oder Schmuckuhren um. Diese erfordern allerdings ein gewisses Ma\u00df an Disziplin. Und einen gr\u00f6\u00dferen Geldbeutel.<\/p>\n<p>Wir M\u00e4nner sind nat\u00fcrlich mitschuldig. Jahrelang wurde Frauen von allen Seiten eingeredet: Tragt gro\u00dfe Uhren! Und die Herren schw\u00e4rmten und lobten, wenn sie eine massive Taucheruhr an einem schmalen Handgelenk sichteten. Frauen und gro\u00dfe Uhren, das ging irgendwie in eine \u00e4hnliche Richtung wie M\u00e4dels in M\u00e4nnerhemden: selbstbewusst und unkonventionell, mehr Frau und weniger Dame. Sollte die Masse doch ruhig Modelle mit unlesbar winzigen Zifferbl\u00e4ttern tragen, aber die Guten und die Sch\u00f6nen, die sollten bitte sch\u00f6n in Richtung Rolex Submariner und Panerai Luminor Marina denken.<\/p>\n<p>So war das. Doch was st\u00f6rt einen das Geschw\u00e4tz von gestern? An dieser Stelle soll deshalb eine Art R\u00fcckbesinnung gefordert werden. Das Zauberwort: Cocktail- oder auch Schmuckuhren. Denn inzwischen haben selbst die gr\u00f6\u00dften Tussis das Stilelement M\u00e4nneruhr f\u00fcr sich entdeckt. Eine Frau mit m\u00e4chtiger Uhr kann also noch toll sein, aber besonders macht so ein Teil niemanden mehr. Diesen Part haben jetzt diejenigen Damen \u00fcbernommen, die sich auch durch die verspielteste Cocktailuhr nicht zum Schmuckst\u00fcck degradieren lassen. Denken Sie an die Frauen des Art d\u00e9co. Niemals h\u00e4tten sie in den 20er-Jahren eine Herrenuhr getragen, und trotzdem traten sie stark und \u00fcber alle Ma\u00dfen von sich \u00fcberzeugt auf.<\/p>\n<p>Streng genommen zeichnen sich Cocktailuhren dadurch aus, dass sie kleine Schmuckuhren sind, die kein rundes Zifferblatt haben \u2013 so definierte zumindest der Experte G.-A. Berner in den 60er-Jahren das Erscheinungsbild der Uhren in seinem ber\u00fchmten Nachschlagewerk. Und noch strenger genommen tragen echte Damen angeblich niemals eine Uhr zum Abendkleid. Sp\u00e4testens hier wird offensichtlich: Mit Strenge kommt man nicht immer ans Ziel. Und darum kann eine sch\u00f6ne Schmuckuhr nat\u00fcrlich nicht nur zum kleinen Schwarzen, sondern auch zum langen Wei\u00dfen, zum azurblauen oder knallgelben Abendkleid und im Zweifelsfall sogar zu Jeans und Rollkragen getragen werden. Denn Cocktailuhren stehen nicht f\u00fcr feste Regeln, sondern f\u00fcr Weiblichkeit und Leichtigkeit. Viele Hersteller kommen diesem Grundbed\u00fcrfnis gerne nach.<\/p>\n<p>Cartier hat unz\u00e4hlige Modelle im Angebot, die Firma Carl F. Bucherer legte in einer limitierten Serie das Modell Tribute to Mimi auf, Longines gilt als hervorragende Adresse f\u00fcr Uhren im Art-d\u00e9co-Design, und so ziemlich jeder Juwelier hat inzwischen eine ordentliche Schmuckuhr entworfen. Ein einziges Problem bringt der Trend zur Brilli-Uhr mit sich: Cocktailuhren erfordern ein gewisses Ma\u00df an Disziplin. Zu viele Martinis k\u00f6nnen einem schnell den Abend verderben. Und eine Schmuckuhr, die mit zu viel Schmuck kombiniert wird, ruiniert das sch\u00f6nste Outfit.<\/p>\n<p>\u00a9MM<\/p>\n<\/div>\n<\/div><\/div><\/div><\/div><\/div>","protected":false},"excerpt":{"rendered":"<p>Zeitmesser f\u00fcr selbstbewusste Frauen Das robuste Sportmodell am schlanken Handgelenk macht allein noch keine starke Frau. Die wirklich Selbstbewussten legen sich nun wieder sogenannte Cocktail- oder Schmuckuhren um. Diese erfordern allerdings ein gewisses Ma\u00df an Disziplin. Und einen gr\u00f6\u00dferen Geldbeutel. Wir M\u00e4nner sind nat\u00fcrlich mitschuldig. Jahrelang wurde Frauen von allen Seiten eingeredet: Tragt gro\u00dfe Uhren!&#8230;<\/p>\n","protected":false},"author":1,"featured_media":0,"parent":0,"menu_order":0,"comment_status":"closed","ping_status":"closed","template":"","meta":{"footnotes":""},"class_list":["post-163","page","type-page","status-publish","hentry"],"_links":{"self":[{"href":"https:\/\/www.uhren-schmuck-fulda.de\/index.php?rest_route=\/wp\/v2\/pages\/163","targetHints":{"allow":["GET"]}}],"collection":[{"href":"https:\/\/www.uhren-schmuck-fulda.de\/index.php?rest_route=\/wp\/v2\/pages"}],"about":[{"href":"https:\/\/www.uhren-schmuck-fulda.de\/index.php?rest_route=\/wp\/v2\/types\/page"}],"author":[{"embeddable":true,"href":"https:\/\/www.uhren-schmuck-fulda.de\/index.php?rest_route=\/wp\/v2\/users\/1"}],"replies":[{"embeddable":true,"href":"https:\/\/www.uhren-schmuck-fulda.de\/index.php?rest_route=%2Fwp%2Fv2%2Fcomments&post=163"}],"version-history":[{"count":3,"href":"https:\/\/www.uhren-schmuck-fulda.de\/index.php?rest_route=\/wp\/v2\/pages\/163\/revisions"}],"predecessor-version":[{"id":212,"href":"https:\/\/www.uhren-schmuck-fulda.de\/index.php?rest_route=\/wp\/v2\/pages\/163\/revisions\/212"}],"wp:attachment":[{"href":"https:\/\/www.uhren-schmuck-fulda.de\/index.php?rest_route=%2Fwp%2Fv2%2Fmedia&parent=163"}],"curies":[{"name":"wp","href":"https:\/\/api.w.org\/{rel}","templated":true}]}}