{"id":262,"date":"2017-05-27T08:40:05","date_gmt":"2017-05-27T08:40:05","guid":{"rendered":"http:\/\/wordpress.uhren-schmuck-fulda.de\/?page_id=262"},"modified":"2017-05-27T08:40:05","modified_gmt":"2017-05-27T08:40:05","slug":"schmuck-und-kultur","status":"publish","type":"page","link":"https:\/\/www.uhren-schmuck-fulda.de\/?page_id=262","title":{"rendered":"Schmuck und Kultur"},"content":{"rendered":"<div id=\"pl-262\"  class=\"panel-layout\" ><div id=\"pg-262-0\"  class=\"panel-grid panel-no-style\" ><div id=\"pgc-262-0-0\"  class=\"panel-grid-cell\" ><div id=\"panel-262-0-0-0\" class=\"so-panel widget widget_sow-editor panel-first-child panel-last-child\" data-index=\"0\" ><div\n\t\t\t\n\t\t\tclass=\"so-widget-sow-editor so-widget-sow-editor-base\"\n\t\t\t\n\t\t>\n<div class=\"siteorigin-widget-tinymce textwidget\">\n\t<p><strong>Schmuck als Ausdruck menschlicher Kultur<\/strong><\/p>\n<p>Im weitesten Sinne bedeutet der Begriff Schmuck: Versch\u00f6nerung und Gestaltung von Objekten und Personen. Im engeren Sinne bezeichnet Schmuck einen als sch\u00f6n und begehrlich empfundenen Gegenstand.<\/p>\n<p>Aus einer n\u00fcchternen Betrachtungsweise heraus scheint Schmuck nicht notwendig f\u00fcr unser Leben. Trotzdem ist gerade der moderne Mensch das einzige Wesen auf dieser Erde, das sich im Gegensatz zu allen anderen bewusst schm\u00fcckt.<\/p>\n<p>Schmuck ist f\u00fcr den Menschen so charakteristisch, dass er f\u00fcr Forscher<br \/> zu einem der wichtigsten Informationstr\u00e4ger \u00fcber unsere Geschichte wurde. Die \u00e4ltesten gefundenen Schmuckst\u00fccke aus Muscheln gehen auf die Anf\u00e4nge der Menschheit zur\u00fcck und sind 100.000 Jahre alt.<\/p>\n<p>Bereits in der Steinzeit wurden Halsketten und Anh\u00e4nger aus Steinen, Tierz\u00e4hnen, Perlen und auch Bernstein gearbeitet. Frauen trugen oft Symbole der Fruchtbarkeit und M\u00e4nner Zeugnisse ihres Jagdgl\u00fccks.<\/p>\n<p>In der Kupferzeit, die in einigen Gebieten schon im 8. Jahrtausend v. Chr. beginnt, werden die Metalle Gold, Silber und Kupfer entdeckt. Zun\u00e4chst formt der Mensch jedoch Gold zu Schmuckst\u00fccken, bevor er Metalle als Werkzeuge einsetzt.<br \/> Mit der Entdeckung der Edelmetalle entstanden neue Formen. Durch Schmiede- und Gusstechniken wurden die Materialien zu Spiralr\u00f6llchen, Pl\u00e4ttchen, Metallperlen und Ringen gearbeitet. Durch die verschiedensten Stile und verwendeten Materialien kann die Zugeh\u00f6rigkeit zu verschiedenen Kulturen und Zeitabschnitten bestimmt werden.<\/p>\n<p>Der nicht verblassende Glanz des Goldes, seine leichte Verformbarkeit und das relativ reine Vorkommen machen es zum begehrten Material.<br \/> Neben Schmuck werden auch andere kulturell oder rituell wichtige Gegenst\u00e4nde aus Gold hergestellt. Die Himmelsscheibe von Nebra (ca. 2000 v. Chr.) ist die \u00e4lteste konkrete Himmelsdarstellung und wurde mit Applikationen aus Gold verziert.<\/p>\n<p>Silber wird etwa seit dem 5. Jahrtausend v. Chr. verarbeitet. F\u00fcr die Griechen war es eine wichtige Quelle ihres Wohlstandes und galt zeitweise als wertvoller als Gold.<\/p>\n<p>Kupfer ist f\u00fcr die technische Weiterentwicklung eines der wichtigsten Metalle, da es erstmals das Fertigen von Werkzeugen erm\u00f6glicht. Dabei spielt in der menschlichen Entwicklung nie nur der Zweck des Werkzeugs, sondern auch die Gestaltung eine wichtige Rolle. Einer der bekanntesten Menschen der Kupferzeit ist der gefriergetrocknet als Mumie erhaltene \u00d6tzi, der ca. 3300 v. Chr. lebte und eine aus Kupfer gegossene Axt besa\u00df.<\/p>\n<p>Viele Schmuckst\u00fccke dienten als Grabbeigaben und verraten uns heute viele \u00fcber die Vorstellungen, die unsere Vorfahren vom Leben nach dem Tod hatten, sowie \u00fcber ihre gesellschaftliche Position. Neben Grabbeigaben aus ihrem irdischen Leben, wurden in vielen Kulturen auch Gegenst\u00e4nde und Schmuck nur f\u00fcr die Verwendung im Jenseits geschaffen. So ist von vielen alten Kulturen kaum etwas so gut erhalten geblieben wie ihr Schmuck.<\/p>\n<p>In der Menschheitsgeschichte ist die Verwendung von Materialien, Farben und Formen stets Spiegelbild einer Gesellschaft und ihrer Lebensstile und der durch sie vertretenen Weltanschauung.<\/p>\n<p>In vielen fr\u00fchen Hochkulturen, war das Tragen von Gold nur den G\u00f6ttern und den Herrschern erlaubt. Sp\u00e4ter verbreitete es sich erst im Adel, dann im B\u00fcrgertum, wo Schmuck lange Zeit, die stille Reserve der Frau war.<br \/> Heute ist das Tragen von Edelmetallen gl\u00fccklicherweise jedem gestattet. Schmuck ist Ausdruck des pers\u00f6nlichen Lebensgef\u00fchls und gegenseitiger Wertsch\u00e4tzung in der Partnerschaft. Er dient sowohl als Statussymbol, als auch dem Festhalten von Momente des Gl\u00fccks.<\/p>\n<p>\u00a9 Uhrmachertag-Goldschmiedetag 2007<\/p>\n<\/div>\n<\/div><\/div><\/div><\/div><\/div>","protected":false},"excerpt":{"rendered":"<p>Schmuck als Ausdruck menschlicher KulturIm weitesten Sinne bedeutet der Begriff Schmuck: Versch\u00f6nerung und Gestaltung von Objekten und Personen. Im engeren Sinne bezeichnet Schmuck einen als sch\u00f6n und begehrlich empfundenen Gegenstand.Aus einer n\u00fcchternen Betrachtungsweise heraus scheint Schmuck nicht notwendig f\u00fcr unser Leben. Trotzdem ist gerade der moderne Mensch das einzige Wesen auf dieser Erde, das sich&#8230;<\/p>\n","protected":false},"author":1,"featured_media":0,"parent":0,"menu_order":0,"comment_status":"closed","ping_status":"closed","template":"","meta":{"footnotes":""},"class_list":["post-262","page","type-page","status-publish","hentry"],"_links":{"self":[{"href":"https:\/\/www.uhren-schmuck-fulda.de\/index.php?rest_route=\/wp\/v2\/pages\/262","targetHints":{"allow":["GET"]}}],"collection":[{"href":"https:\/\/www.uhren-schmuck-fulda.de\/index.php?rest_route=\/wp\/v2\/pages"}],"about":[{"href":"https:\/\/www.uhren-schmuck-fulda.de\/index.php?rest_route=\/wp\/v2\/types\/page"}],"author":[{"embeddable":true,"href":"https:\/\/www.uhren-schmuck-fulda.de\/index.php?rest_route=\/wp\/v2\/users\/1"}],"replies":[{"embeddable":true,"href":"https:\/\/www.uhren-schmuck-fulda.de\/index.php?rest_route=%2Fwp%2Fv2%2Fcomments&post=262"}],"version-history":[{"count":2,"href":"https:\/\/www.uhren-schmuck-fulda.de\/index.php?rest_route=\/wp\/v2\/pages\/262\/revisions"}],"predecessor-version":[{"id":264,"href":"https:\/\/www.uhren-schmuck-fulda.de\/index.php?rest_route=\/wp\/v2\/pages\/262\/revisions\/264"}],"wp:attachment":[{"href":"https:\/\/www.uhren-schmuck-fulda.de\/index.php?rest_route=%2Fwp%2Fv2%2Fmedia&parent=262"}],"curies":[{"name":"wp","href":"https:\/\/api.w.org\/{rel}","templated":true}]}}