{"id":291,"date":"2017-10-19T19:14:57","date_gmt":"2017-10-19T19:14:57","guid":{"rendered":"http:\/\/wordpress.uhren-schmuck-fulda.de\/?page_id=291"},"modified":"2017-10-25T19:16:01","modified_gmt":"2017-10-25T19:16:01","slug":"uhrmachertag-goldschmiedetag-2017","status":"publish","type":"page","link":"https:\/\/www.uhren-schmuck-fulda.de\/?page_id=291","title":{"rendered":"Uhrmachertag &#8211; Goldschmiedetag 2017"},"content":{"rendered":"<div id=\"pl-291\"  class=\"panel-layout\" ><div id=\"pg-291-0\"  class=\"panel-grid panel-no-style\" ><div id=\"pgc-291-0-0\"  class=\"panel-grid-cell\" ><div id=\"panel-291-0-0-0\" class=\"so-panel widget widget_sow-editor panel-first-child\" data-index=\"0\" ><div\n\t\t\t\n\t\t\tclass=\"so-widget-sow-editor so-widget-sow-editor-base\"\n\t\t\t\n\t\t>\n<div class=\"siteorigin-widget-tinymce textwidget\">\n\t<p><strong> <img loading=\"lazy\" decoding=\"async\" class=\"size-medium wp-image-338 alignright\" src=\"https:\/\/www.uhren-schmuck-fulda.de\/wp-content\/uploads\/2017\/10\/NOMOS_Werk_Caliber_Swing_System-300x217.jpg\" alt=\"\" width=\"300\" height=\"217\" srcset=\"https:\/\/www.uhren-schmuck-fulda.de\/wp-content\/uploads\/2017\/10\/NOMOS_Werk_Caliber_Swing_System-300x217.jpg 300w, https:\/\/www.uhren-schmuck-fulda.de\/wp-content\/uploads\/2017\/10\/NOMOS_Werk_Caliber_Swing_System-768x555.jpg 768w, https:\/\/www.uhren-schmuck-fulda.de\/wp-content\/uploads\/2017\/10\/NOMOS_Werk_Caliber_Swing_System-700x505.jpg 700w, https:\/\/www.uhren-schmuck-fulda.de\/wp-content\/uploads\/2017\/10\/NOMOS_Werk_Caliber_Swing_System-800x578.jpg 800w\" sizes=\"auto, (max-width: 300px) 100vw, 300px\" \/>Besuchen Sie unsere Werkst\u00e4tten<\/strong>,<br \/>\ndie in der Regel nicht zug\u00e4nglich sind.\u00a0 In den Mitgliedsbetrieben der Fachinnung Uhren, Schmuck und Zeitmesstechnik werden zum Uhrmachertag \u2013 Goldschmiedetag 2017 am Samstag, den 28.Oktober 2017 in Fulda, Petersberg, Neuhof, Schl\u00fcchtern, Kassel, Witzenhausen, Wolfhagen, Melsungen, Borken, Fritzlar und Bad Arolsen allen interessierten Besuchern verschiedene Aktionen, Ausstellungen und Vorf\u00fchrungen angeboten, zu dene<strong><img loading=\"lazy\" decoding=\"async\" class=\"size-medium wp-image-337 alignleft\" src=\"https:\/\/www.uhren-schmuck-fulda.de\/wp-content\/uploads\/2017\/10\/DSC04570_b-300x195.jpg\" alt=\"\" width=\"300\" height=\"195\" srcset=\"https:\/\/www.uhren-schmuck-fulda.de\/wp-content\/uploads\/2017\/10\/DSC04570_b-300x195.jpg 300w, https:\/\/www.uhren-schmuck-fulda.de\/wp-content\/uploads\/2017\/10\/DSC04570_b-768x498.jpg 768w, https:\/\/www.uhren-schmuck-fulda.de\/wp-content\/uploads\/2017\/10\/DSC04570_b-700x454.jpg 700w, https:\/\/www.uhren-schmuck-fulda.de\/wp-content\/uploads\/2017\/10\/DSC04570_b-800x519.jpg 800w\" sizes=\"auto, (max-width: 300px) 100vw, 300px\" \/><\/strong>n Sie herzlich eingeladen sind. Besonders herzlich sind junge Menschen eingeladen, die sich f\u00fcr eines der Handwerke als Ausbildungsberuf interessieren.<\/p>\n<\/div>\n<\/div><\/div><div id=\"panel-291-0-0-1\" class=\"so-panel widget widget_sow-editor\" data-index=\"1\" ><div\n\t\t\t\n\t\t\tclass=\"so-widget-sow-editor so-widget-sow-editor-base\"\n\t\t\t\n\t\t>\n<div class=\"siteorigin-widget-tinymce textwidget\">\n\t<p><strong>Goldschmiede Aureus<\/strong><br \/>\nzeigt \u00dcbungsarbeiten und Beispiele einer Goldschmiedeausbildung.<\/p>\n<\/div>\n<\/div><\/div><div id=\"panel-291-0-0-2\" class=\"so-panel widget widget_sow-editor\" data-index=\"2\" ><div\n\t\t\t\n\t\t\tclass=\"so-widget-sow-editor so-widget-sow-editor-base\"\n\t\t\t\n\t\t>\n<div class=\"siteorigin-widget-tinymce textwidget\">\n\t<p><strong>Juwelier Bott<\/strong><br \/> l\u00e4sst sich hinter die Kulissen schauen. Christian Adolph f\u00fchrt Sie durch das fertig renovierte Schmuckst\u00fcck in der Pfandhausstra\u00dfe \u2013 das Silberdienerhaus. In der Uhrmacherwerkstatt zeigen Ihnen die Meister die Funktion einer mechanischen Uhr anhand eines gro\u00dfen Schauwerks und zum Vergleich in einer Armband. In der Goldschmiede erleben Sie die verschiedenen Herstellungsmethoden mit denen ein Ringe hergestellt werden kann.<\/p>\n<\/div>\n<\/div><\/div><div id=\"panel-291-0-0-3\" class=\"so-panel widget widget_sow-editor\" data-index=\"3\" ><div\n\t\t\t\n\t\t\tclass=\"so-widget-sow-editor so-widget-sow-editor-base\"\n\t\t\t\n\t\t>\n<div class=\"siteorigin-widget-tinymce textwidget\">\n\t<p><strong>Ehrlich Uhren und Schmuck<\/strong><br \/>\nzeigt eine Ausstellung der Meisterst\u00fccke von Karl-Heinz Ehrlich: Unruhschwingsystem und von Kurt Ehrlich: Handgefertigtes Taschenuhrwerk aus Glash\u00e4tte und ein Unruhgangmodell Glash\u00fctte.<\/p>\n<\/div>\n<\/div><\/div><div id=\"panel-291-0-0-4\" class=\"so-panel widget widget_sow-editor\" data-index=\"4\" ><div\n\t\t\t\n\t\t\tclass=\"so-widget-sow-editor so-widget-sow-editor-base\"\n\t\t\t\n\t\t>\n<div class=\"siteorigin-widget-tinymce textwidget\">\n\t<p><strong>Goldschmiede F\u00fcchtenhans<\/strong><br \/>\nPr\u00e4sentation des Meisterst\u00fccks.<\/p>\n<\/div>\n<\/div><\/div><div id=\"panel-291-0-0-5\" class=\"so-panel widget widget_sow-editor\" data-index=\"5\" ><div\n\t\t\t\n\t\t\tclass=\"so-widget-sow-editor so-widget-sow-editor-base\"\n\t\t\t\n\t\t>\n<div class=\"siteorigin-widget-tinymce textwidget\">\n\t<p><strong>Juwelier Hagemann<\/strong><br \/>\nzeigt Reparaturschritte eines Standuhrwerkes mit Geh- und Schlagwerk. Ausstellung von Arbeiten, der Gehilfen- und Meisterpr\u00fcfungen.<\/p>\n<\/div>\n<\/div><\/div><div id=\"panel-291-0-0-6\" class=\"so-panel widget widget_sow-editor\" data-index=\"6\" ><div\n\t\t\t\n\t\t\tclass=\"so-widget-sow-editor so-widget-sow-editor-base\"\n\t\t\t\n\t\t>\n<div class=\"siteorigin-widget-tinymce textwidget\">\n\t<p><strong>Goldschmiede Pia Hartmann<\/strong><br \/> ist mit Feuer und Flamme am Werktisch \u2013 L\u00f6ten, Schmelzen und Schwei\u00dfen bei der Schmuckherstellung.<\/p>\n<\/div>\n<\/div><\/div><div id=\"panel-291-0-0-7\" class=\"so-panel widget widget_sow-editor panel-last-child\" data-index=\"7\" ><div\n\t\t\t\n\t\t\tclass=\"so-widget-sow-editor so-widget-sow-editor-base\"\n\t\t\t\n\t\t>\n<div class=\"siteorigin-widget-tinymce textwidget\">\n\t<p><strong>Juwelier Meister M\u00fcller<\/strong><img loading=\"lazy\" decoding=\"async\" class=\"size-full wp-image-325 alignright\" src=\"https:\/\/www.uhren-schmuck-fulda.de\/wp-content\/uploads\/2017\/10\/Uhrenbausatz.jpg\" alt=\"\" width=\"266\" height=\"217\" \/><br \/> bietet Ihnen in seiner Uhrmacher-Meisterwerkstatt die M\u00f6glichkeit, unter Anleitung das Werk einer\u00a0Pr\u00e4zisionspendeluhr selbst zu montieren. Testen Sie ihre Geschicklichkeit.<\/p>\n<\/div>\n<\/div><\/div><\/div><\/div><\/div>","protected":false},"excerpt":{"rendered":"<p>Besuchen Sie unsere Werkst\u00e4tten, die in der Regel nicht zug\u00e4nglich sind.\u00a0 In den Mitgliedsbetrieben der Fachinnung Uhren, Schmuck und Zeitmesstechnik werden zum Uhrmachertag \u2013 Goldschmiedetag 2017 am Samstag, den 28.Oktober 2017 in Fulda, Petersberg, Neuhof, Schl\u00fcchtern, Kassel, Witzenhausen, Wolfhagen, Melsungen, Borken, Fritzlar und Bad Arolsen allen interessierten Besuchern verschiedene Aktionen, Ausstellungen und Vorf\u00fchrungen angeboten, zu&#8230;<\/p>\n","protected":false},"author":1,"featured_media":0,"parent":0,"menu_order":0,"comment_status":"closed","ping_status":"closed","template":"","meta":{"footnotes":""},"class_list":["post-291","page","type-page","status-publish","hentry"],"_links":{"self":[{"href":"https:\/\/www.uhren-schmuck-fulda.de\/index.php?rest_route=\/wp\/v2\/pages\/291","targetHints":{"allow":["GET"]}}],"collection":[{"href":"https:\/\/www.uhren-schmuck-fulda.de\/index.php?rest_route=\/wp\/v2\/pages"}],"about":[{"href":"https:\/\/www.uhren-schmuck-fulda.de\/index.php?rest_route=\/wp\/v2\/types\/page"}],"author":[{"embeddable":true,"href":"https:\/\/www.uhren-schmuck-fulda.de\/index.php?rest_route=\/wp\/v2\/users\/1"}],"replies":[{"embeddable":true,"href":"https:\/\/www.uhren-schmuck-fulda.de\/index.php?rest_route=%2Fwp%2Fv2%2Fcomments&post=291"}],"version-history":[{"count":44,"href":"https:\/\/www.uhren-schmuck-fulda.de\/index.php?rest_route=\/wp\/v2\/pages\/291\/revisions"}],"predecessor-version":[{"id":332,"href":"https:\/\/www.uhren-schmuck-fulda.de\/index.php?rest_route=\/wp\/v2\/pages\/291\/revisions\/332"}],"wp:attachment":[{"href":"https:\/\/www.uhren-schmuck-fulda.de\/index.php?rest_route=%2Fwp%2Fv2%2Fmedia&parent=291"}],"curies":[{"name":"wp","href":"https:\/\/api.w.org\/{rel}","templated":true}]}}