{"id":40,"date":"2017-03-06T20:19:00","date_gmt":"2017-03-06T20:19:00","guid":{"rendered":"http:\/\/wordpress.uhren-schmuck-fulda.de\/?page_id=40"},"modified":"2017-03-19T19:48:17","modified_gmt":"2017-03-19T19:48:17","slug":"innung","status":"publish","type":"page","link":"https:\/\/www.uhren-schmuck-fulda.de\/","title":{"rendered":"Innung und Handwerk"},"content":{"rendered":"<div id=\"pl-40\"  class=\"panel-layout\" ><div id=\"pg-40-0\"  class=\"panel-grid panel-no-style\" ><div id=\"pgc-40-0-0\"  class=\"panel-grid-cell\" ><div id=\"panel-40-0-0-0\" class=\"so-panel widget widget_sow-editor panel-first-child\" data-index=\"0\" ><div\n\t\t\t\n\t\t\tclass=\"so-widget-sow-editor so-widget-sow-editor-base\"\n\t\t\t\n\t\t>\n<div class=\"siteorigin-widget-tinymce textwidget\">\n\t<p><strong>Sie lieben Uhren \u2013 wir lieben Uhren und unser Handwerk<\/strong><\/p>\n<p>Sie suchen einen Fachmann \/ eine Fachfrau f\u00fcr Ihre Uhr, die Ihnen besonders ans Herz gewachse<strong><img loading=\"lazy\" decoding=\"async\" class=\"size-medium wp-image-181 alignleft\" src=\"https:\/\/www.uhren-schmuck-fulda.de\/wp-content\/uploads\/2017\/03\/NOMOS-Epsilon-241x300.jpg\" alt=\"\" width=\"241\" height=\"300\" srcset=\"https:\/\/www.uhren-schmuck-fulda.de\/wp-content\/uploads\/2017\/03\/NOMOS-Epsilon-241x300.jpg 241w, https:\/\/www.uhren-schmuck-fulda.de\/wp-content\/uploads\/2017\/03\/NOMOS-Epsilon-768x957.jpg 768w, https:\/\/www.uhren-schmuck-fulda.de\/wp-content\/uploads\/2017\/03\/NOMOS-Epsilon-700x872.jpg 700w, https:\/\/www.uhren-schmuck-fulda.de\/wp-content\/uploads\/2017\/03\/NOMOS-Epsilon-800x997.jpg 800w, https:\/\/www.uhren-schmuck-fulda.de\/wp-content\/uploads\/2017\/03\/NOMOS-Epsilon.jpg 1052w\" sizes=\"auto, (max-width: 241px) 100vw, 241px\" \/><\/strong>n ist. Oder Sie suchen eine neue Uhr, mit der Sie sich einen besonderen Wunsch erf\u00fcllen m\u00f6chten. Wir sind die Uhrmachermeister\/innen und Uhrmacher\/innen, haben unser Handwerk von der Pike auf gelernt und sind deshalb ihre perfekten Ansprechpartner\/innen. Egal ob Sie eine neue Uhr suchen, weil Sie in Sachen Qualit\u00e4t, Nachhaltigkeit und Service sicher gehen wollen, oder ob Sie ihr gutes St\u00fcck reparieren lassen wollen, bei den Mitgliedsbetrieben der Fachinnung Uhren, Schmuck und Zeitmesstechnik Fulda \u2013 Kassel finden Sie sicher eine\/n Uhrmacher\/in ihres Vertrauen. Wir k\u00fcmmern uns um Ihre Uhr, ob mechanisch oder elektronisch, ob neu oder antik, ob kleine Damenarmbanduhr oder gro\u00dfe Hausuhr. Die Werkst\u00e4tten unserer Innungsfachbetriebe sind zeitgem\u00e4\u00df ausgestattet, hochqualifiziert und teilweise vom Zentralverband f\u00fcr Uhren, Schmuck und Zeitmesstechnik zertifiziert. Sprechen Sie uns an.<\/p>\n<\/div>\n<\/div><\/div><div id=\"panel-40-0-0-1\" class=\"so-panel widget widget_sow-editor panel-last-child\" data-index=\"1\" ><div\n\t\t\t\n\t\t\tclass=\"so-widget-sow-editor so-widget-sow-editor-base\"\n\t\t\t\n\t\t>\n<div class=\"siteorigin-widget-tinymce textwidget\">\n\t<p><strong>Sie lieben Schmuck \u2013 wir lieben Schmuck und unser Handwerk<\/strong><\/p>\n<p>Sie suchen einen Fachmann \/ eine Fachfrau f\u00fcr Ihr Schmuckst\u00fcck, das Ihnen besonders an<img loading=\"lazy\" decoding=\"async\" class=\" wp-image-174 alignleft\" src=\"https:\/\/www.uhren-schmuck-fulda.de\/wp-content\/uploads\/2017\/03\/06-300x225.jpg\" alt=\"\" width=\"265\" height=\"199\" srcset=\"https:\/\/www.uhren-schmuck-fulda.de\/wp-content\/uploads\/2017\/03\/06-300x225.jpg 300w, https:\/\/www.uhren-schmuck-fulda.de\/wp-content\/uploads\/2017\/03\/06-768x576.jpg 768w, https:\/\/www.uhren-schmuck-fulda.de\/wp-content\/uploads\/2017\/03\/06-700x525.jpg 700w, https:\/\/www.uhren-schmuck-fulda.de\/wp-content\/uploads\/2017\/03\/06-800x600.jpg 800w, https:\/\/www.uhren-schmuck-fulda.de\/wp-content\/uploads\/2017\/03\/06-80x60.jpg 80w\" sizes=\"auto, (max-width: 265px) 100vw, 265px\" \/>s Herz gewachsen ist. Oder Sie w\u00fcnschen eine individuelle Neuanfertigung oder eine Umarbeitung, mit der Sie sich einen besonderen Wunsch erf\u00fcllen m\u00f6chten. Wir sind die Goldschmiedemeister\/innen und Goldschmiede\/innen, haben unser Handwerk von der Pike auf gelernt und sind deshalb ihre perfekten Ansprechpartner\/innen. Bei den Mitgliedsbetrieben der Fachinnung Uhren, Schmuck und Zeitmesstechnik Fulda \u2013 Kassel finden Sie sicher eine\/n Goldschmied\/in ihres Vertrauen. Wir k\u00fcmmern uns um Ihre Schmuckst\u00fccke<\/p>\n<\/div>\n<\/div><\/div><\/div><\/div><\/div>","protected":false},"excerpt":{"rendered":"<p>Sie lieben Uhren \u2013 wir lieben Uhren und unser HandwerkSie suchen einen Fachmann \/ eine Fachfrau f\u00fcr Ihre Uhr, die Ihnen besonders ans Herz gewachsen ist. Oder Sie suchen eine neue Uhr, mit der Sie sich einen besonderen Wunsch erf\u00fcllen m\u00f6chten. Wir sind die Uhrmachermeister\/innen und Uhrmacher\/innen, haben unser Handwerk von der Pike auf gelernt&#8230;<\/p>\n","protected":false},"author":1,"featured_media":0,"parent":0,"menu_order":0,"comment_status":"closed","ping_status":"closed","template":"","meta":{"footnotes":""},"class_list":["post-40","page","type-page","status-publish","hentry"],"_links":{"self":[{"href":"https:\/\/www.uhren-schmuck-fulda.de\/index.php?rest_route=\/wp\/v2\/pages\/40","targetHints":{"allow":["GET"]}}],"collection":[{"href":"https:\/\/www.uhren-schmuck-fulda.de\/index.php?rest_route=\/wp\/v2\/pages"}],"about":[{"href":"https:\/\/www.uhren-schmuck-fulda.de\/index.php?rest_route=\/wp\/v2\/types\/page"}],"author":[{"embeddable":true,"href":"https:\/\/www.uhren-schmuck-fulda.de\/index.php?rest_route=\/wp\/v2\/users\/1"}],"replies":[{"embeddable":true,"href":"https:\/\/www.uhren-schmuck-fulda.de\/index.php?rest_route=%2Fwp%2Fv2%2Fcomments&post=40"}],"version-history":[{"count":7,"href":"https:\/\/www.uhren-schmuck-fulda.de\/index.php?rest_route=\/wp\/v2\/pages\/40\/revisions"}],"predecessor-version":[{"id":118,"href":"https:\/\/www.uhren-schmuck-fulda.de\/index.php?rest_route=\/wp\/v2\/pages\/40\/revisions\/118"}],"wp:attachment":[{"href":"https:\/\/www.uhren-schmuck-fulda.de\/index.php?rest_route=%2Fwp%2Fv2%2Fmedia&parent=40"}],"curies":[{"name":"wp","href":"https:\/\/api.w.org\/{rel}","templated":true}]}}