{"id":90,"date":"2017-03-08T20:15:53","date_gmt":"2017-03-08T20:15:53","guid":{"rendered":"http:\/\/wordpress.uhren-schmuck-fulda.de\/?page_id=90"},"modified":"2017-03-08T20:15:53","modified_gmt":"2017-03-08T20:15:53","slug":"schmuckpflege","status":"publish","type":"page","link":"https:\/\/www.uhren-schmuck-fulda.de\/?page_id=90","title":{"rendered":"Schmuckpflege"},"content":{"rendered":"<div id=\"pl-90\"  class=\"panel-layout\" ><div id=\"pg-90-0\"  class=\"panel-grid panel-no-style\" ><div id=\"pgc-90-0-0\"  class=\"panel-grid-cell\" ><div id=\"panel-90-0-0-0\" class=\"so-panel widget widget_sow-editor panel-first-child panel-last-child\" data-index=\"0\" ><div\n\t\t\t\n\t\t\tclass=\"so-widget-sow-editor so-widget-sow-editor-base\"\n\t\t\t\n\t\t>\n<div class=\"siteorigin-widget-tinymce textwidget\">\n\t<p><strong>Pflegen Sie Ihren Schmuck richtig<\/strong><\/p>\n<p>Schmuck ist Zeichen Ihrer Pers\u00f6nlichkeit. Dabei kommt es nicht nur darauf an, welchen Schmuck Sie tragen, sondern das Erscheinungsbild ihrer Schmuckst\u00fccke ist ebenso wichtig. Je besser Sie Ihre Schmuckst\u00fccke Pflegen, um so l\u00e4nger werden Sie Freude daran haben. Durch Feuchtigkeit gebundener Staub, der sich im Laufe der Zeit z.B. zwischen den einzelnen Gliedern einer Kette absetzt, erh\u00f6ht den mechanischen Abrieb der Kette etwa um das Zehnfache. Allein dies ist ein Grund, sein Schmuckst\u00fcck regelm\u00e4\u00dfig zu reinigen. Dabei ist es wichtig, dass alle Verunreinigungen beseitigt werden. Hierzu gibt es bei Ihrem Juwelier entsprechende Pflegemittel, die den Glanz Ihres Schmuckst\u00fccks wieder richtig in den Mittelpunkt stellen. Starke Ablagerungen sollten vor der Anwendung spezieller Pflegemittel mit einer L\u00f6sung aus Wasser und Sp\u00fclmittel entfernt werden. Welches Schmuckst\u00fcck wie gepflegt wird, kann bei bestimmten Materialien oder Edelsteinen sehr unterschiedlich sein. Hier beraten wir Sie gerne ganz individuell. Selbstverst\u00e4ndlich k\u00f6nnen wir auch die Pflege Ihrer Schmuckst\u00fccke f\u00fcr Sie \u00fcbernehmen.<\/p>\n<\/div>\n<\/div><\/div><\/div><\/div><\/div>","protected":false},"excerpt":{"rendered":"<p>Pflegen Sie Ihren Schmuck richtigSchmuck ist Zeichen Ihrer Pers\u00f6nlichkeit. Dabei kommt es nicht nur darauf an, welchen Schmuck Sie tragen, sondern das Erscheinungsbild ihrer Schmuckst\u00fccke ist ebenso wichtig. Je besser Sie Ihre Schmuckst\u00fccke Pflegen, um so l\u00e4nger werden Sie Freude daran haben. Durch Feuchtigkeit gebundener Staub, der sich im Laufe der Zeit z.B. zwischen den&#8230;<\/p>\n","protected":false},"author":1,"featured_media":0,"parent":0,"menu_order":0,"comment_status":"closed","ping_status":"closed","template":"","meta":{"footnotes":""},"class_list":["post-90","page","type-page","status-publish","hentry"],"_links":{"self":[{"href":"https:\/\/www.uhren-schmuck-fulda.de\/index.php?rest_route=\/wp\/v2\/pages\/90","targetHints":{"allow":["GET"]}}],"collection":[{"href":"https:\/\/www.uhren-schmuck-fulda.de\/index.php?rest_route=\/wp\/v2\/pages"}],"about":[{"href":"https:\/\/www.uhren-schmuck-fulda.de\/index.php?rest_route=\/wp\/v2\/types\/page"}],"author":[{"embeddable":true,"href":"https:\/\/www.uhren-schmuck-fulda.de\/index.php?rest_route=\/wp\/v2\/users\/1"}],"replies":[{"embeddable":true,"href":"https:\/\/www.uhren-schmuck-fulda.de\/index.php?rest_route=%2Fwp%2Fv2%2Fcomments&post=90"}],"version-history":[{"count":1,"href":"https:\/\/www.uhren-schmuck-fulda.de\/index.php?rest_route=\/wp\/v2\/pages\/90\/revisions"}],"predecessor-version":[{"id":91,"href":"https:\/\/www.uhren-schmuck-fulda.de\/index.php?rest_route=\/wp\/v2\/pages\/90\/revisions\/91"}],"wp:attachment":[{"href":"https:\/\/www.uhren-schmuck-fulda.de\/index.php?rest_route=%2Fwp%2Fv2%2Fmedia&parent=90"}],"curies":[{"name":"wp","href":"https:\/\/api.w.org\/{rel}","templated":true}]}}