{"id":92,"date":"2017-03-08T20:17:43","date_gmt":"2017-03-08T20:17:43","guid":{"rendered":"http:\/\/wordpress.uhren-schmuck-fulda.de\/?page_id=92"},"modified":"2017-03-08T20:42:44","modified_gmt":"2017-03-08T20:42:44","slug":"uhrenpflege","status":"publish","type":"page","link":"https:\/\/www.uhren-schmuck-fulda.de\/?page_id=92","title":{"rendered":"Uhrenpflege"},"content":{"rendered":"<div id=\"pl-92\"  class=\"panel-layout\" ><div id=\"pg-92-0\"  class=\"panel-grid panel-no-style\" ><div id=\"pgc-92-0-0\"  class=\"panel-grid-cell\" ><div id=\"panel-92-0-0-0\" class=\"so-panel widget widget_sow-editor panel-first-child panel-last-child\" data-index=\"0\" ><div\n\t\t\t\n\t\t\tclass=\"so-widget-sow-editor so-widget-sow-editor-base\"\n\t\t\t\n\t\t>\n<div class=\"siteorigin-widget-tinymce textwidget\">\n\t<p><strong>So behandeln Sie Ihre Uhr richtig<\/strong><\/p>\n<p>Wu\u00dften Sie, dass die Unruh einer mechanischen Armbanduhr im Jahr \u00fcber 40000 km zur\u00fccklegt? H\u00e4tten Sie diese Leistung einer der kleinsten und pr\u00e4zisesten Maschinen zugetraut?<\/p>\n<p>Wie unsere Kraftfahrzeuge braucht auch das Werk unserer Uhr in gewissen Abst\u00e4nden Wartung vom Fachmann. Diese Wartung nennt man Totalrevision. Bei der Totalrevision wird das Uhrwerk in s\u00e4mtliche Bestandteile zerlegt. Jedes einzelne Teil wird auf seine Funktionssicherheit und auf Verschlei\u00df gepr\u00fcft. Fehlerhafte Teile werden ausgetauscht oder nachgearbeitet. Je nach dem, um was f\u00fcr ein Uhrwerk es sich handelt, kann diese Arbeit mehrere Stunden Zeit in Anspruch nehmen. Es ist gleichg\u00fcltig, ob es sich um eine mechanisches Uhrwerk oder um eine elektronisch angetriebenes Uhrwerk handelt. Sie als Kunde entscheiden bereits beim Kauf Ihrer Uhr, ob eine sp\u00e4ter anfallende \"Wartung\" sinnvoll oder \u00fcberhaupt m\u00f6glich ist. Es gibt sicher kein anderes technisches Ger\u00e4t, bei dem es so gro\u00dfe Unterschiede an Ausstattung, Qualit\u00e4t und Wert gibt wie beim Uhrwerk.<\/p>\n<p><strong>Was k\u00f6nnen Sie tun?<\/strong><\/p>\n<p>Behandeln Sie Ihre Uhr stets pfleglich. Dazu geh\u00f6rt unbedingt, die Uhr nachts abzulegen. Verunreinigungen an Geh\u00e4use und Band sollten regelm\u00e4\u00dfig entfernt werden, da dies den Verschlei\u00df am Geh\u00e4use deutlich mindert. Wenn Sie R\u00fcckst\u00e4nde von Hautschwei\u00df, besonders nach dem Sport, regelm\u00e4\u00dfig abwischen, haben B\u00e4nder und Dichtungen des Geh\u00e4uses eine wesentlich l\u00e4ngere Lebensdauer. Lassen Sie Sch\u00e4den am Geh\u00e4use umgehend vom Fachmann beheben, denn nur ein dicht verschlossenes und unbesch\u00e4digtes Geh\u00e4use kann das Uhrwerk optimal sch\u00fctzen. \u00d6ffnen Sie Ihre Uhr niemals selbst, um Sch\u00e4den am Uhrwerk zu vermeiden.<\/p>\n<\/div>\n<\/div><\/div><\/div><\/div><\/div>","protected":false},"excerpt":{"rendered":"<p>So behandeln Sie Ihre Uhr richtig Wu\u00dften Sie, dass die Unruh einer mechanischen Armbanduhr im Jahr \u00fcber 40000 km zur\u00fccklegt? H\u00e4tten Sie diese Leistung einer der kleinsten und pr\u00e4zisesten Maschinen zugetraut? Wie unsere Kraftfahrzeuge braucht auch das Werk unserer Uhr in gewissen Abst\u00e4nden Wartung vom Fachmann. Diese Wartung nennt man Totalrevision. Bei der Totalrevision wird&#8230;<\/p>\n","protected":false},"author":1,"featured_media":0,"parent":0,"menu_order":0,"comment_status":"closed","ping_status":"closed","template":"","meta":{"footnotes":""},"class_list":["post-92","page","type-page","status-publish","hentry"],"_links":{"self":[{"href":"https:\/\/www.uhren-schmuck-fulda.de\/index.php?rest_route=\/wp\/v2\/pages\/92","targetHints":{"allow":["GET"]}}],"collection":[{"href":"https:\/\/www.uhren-schmuck-fulda.de\/index.php?rest_route=\/wp\/v2\/pages"}],"about":[{"href":"https:\/\/www.uhren-schmuck-fulda.de\/index.php?rest_route=\/wp\/v2\/types\/page"}],"author":[{"embeddable":true,"href":"https:\/\/www.uhren-schmuck-fulda.de\/index.php?rest_route=\/wp\/v2\/users\/1"}],"replies":[{"embeddable":true,"href":"https:\/\/www.uhren-schmuck-fulda.de\/index.php?rest_route=%2Fwp%2Fv2%2Fcomments&post=92"}],"version-history":[{"count":2,"href":"https:\/\/www.uhren-schmuck-fulda.de\/index.php?rest_route=\/wp\/v2\/pages\/92\/revisions"}],"predecessor-version":[{"id":120,"href":"https:\/\/www.uhren-schmuck-fulda.de\/index.php?rest_route=\/wp\/v2\/pages\/92\/revisions\/120"}],"wp:attachment":[{"href":"https:\/\/www.uhren-schmuck-fulda.de\/index.php?rest_route=%2Fwp%2Fv2%2Fmedia&parent=92"}],"curies":[{"name":"wp","href":"https:\/\/api.w.org\/{rel}","templated":true}]}}